
Suppose -268 = -o - h, 4*o + 0*h + 3*h = 1076. Suppose f + v = -3*v + 46, 5*f - v - o = 0. Suppose -f = 2*g - 220. List the prime factors of g.
83
What are the prime factors of (531/45 + -7)/(24/70960)?
2, 887
Let s = -10952 + 25184. List the prime factors of s.
2, 3, 593
Let a = 16032 + -3753. List the prime factors of a.
3, 4093
Let a be (-6 - (-5 - 0))*(1 - 56). Suppose 3*o - 2*u = -3*u + 41, u = -4*o + a. Suppose 3*s = 2*j - 52 - o, 5*s = -10. What are the prime factors of j?
2, 3, 5
Let r = -46 - -74. Suppose 0 = -0*p + 3*p + 6, 0 = g - 5*p - r. Let s = 180 - g. What are the prime factors of s?
2, 3
Suppose 0*j + 2*j = 3*j. Suppose -4*m - 6*m + 340 = j. Suppose -4*t + 10 = -m. What are the prime factors of t?
11
Let k = -4 - -56. Suppose b = -3*b + k. What are the prime factors of -4*(86/(-52) + 2/b)?
2, 3
Let u = 371 + -225. Suppose 3*g - 174 = -5*z, -14*z + g + u = -10*z. What are the prime factors of z?
2, 3
Let x = -75 + 74. Let b(a) = -37*a**3 + a**2 - 2. Let z be b(x). What are the prime factors of 1 - ((-934)/14 - z/126)?
2, 17
Let y = -34 - -39. Suppose y*a = 45 + 70. Suppose j - a = -4*s, 0*j + 2*j - 21 = -3*s. What are the prime factors of s?
5
Suppose -16*j = -17*j + 5. Suppose 0 = -0*k + j*k - 5. List the prime factors of k/(329/(-110) - -3).
2, 5, 11
Let v = 5945 - 3198. Suppose 2*g + 5*d - 1702 = 112, -3*g - d + v = 0. What are the prime factors of g?
7, 131
Let q(h) = h**2 + 15*h - 31. Let t be q(-17). Suppose -b - 60 = -2*b - t*w, 5*b - 5*w - 200 = 0. What are the prime factors of 1/((-6)/(-140))*b/10?
3, 5, 7
Let k = 17 + -24. Let u(n) = 2*n**2 + 15*n + 7. Let h be u(k). Suppose -a = h, -j = j + 2*a - 100. What are the prime factors of j?
2, 5
Let w = 135 + -132. Suppose w*a = 12, f + 2*a - 1544 = -3*f. List the prime factors of f.
2, 3
Let q(h) = -h**3 - 8*h**2 - 9*h - 10. Let r be (-57)/8 + (-11)/(-88). Let u be q(r). Suppose 0*n = 2*t + 2*n - 68, u*n = t - 39. List the prime factors of t.
5, 7
Suppose 5452*s = 5423*s + 49329. List the prime factors of s.
3, 7
Let c = 3914 + -2317. Let v = c - 698. What are the prime factors of v?
29, 31
Let t be -1 + (5 + -3)/(4/118). Let l = t + -18. What are the prime factors of l*(2/((-24)/(-9)) + 3)?
2, 3, 5
Let g be (-40)/6*((-33)/(-2))/(-11). Suppose 0 = -g*o + 249 + 171. List the prime factors of o.
2, 3, 7
Let t = 12017 + -5432. List the prime factors of t.
3, 5, 439
Let q = 49 - 48. Let n be 1158/12*(1 + q*-3). Let f = n + 291. What are the prime factors of f?
2, 7
Let h(v) = 12 + 21*v + 64 + 13*v - 5*v. List the prime factors of h(8).
2, 7, 11
Suppose 0 = -20*m + 15*m - 30, -4*m + 165440 = 4*d. What are the prime factors of d?
2, 13, 37, 43
Let u be (-16 + 13)/(0 - 1). Suppose -u*n + 7 - 22 = 0. What are the prime factors of (2 + 4)*n/(-2)?
3, 5
Let r = 65 - 63. Suppose 0 = 11*n - 15*n + r*s + 10, n + s - 4 = 0. Suppose 0 = -n*w + 4*w - 138. List the prime factors of w.
2, 3, 23
Let j(b) = -335*b**2 + 2*b - 1. Let m(x) = -334*x**2 + 3*x - 1. Let v(d) = -5*j(d) + 4*m(d). Let w be v(-1). Let c = w + -202. List the prime factors of c.
2, 17
Let w = -11521 - -20947. List the prime factors of w.
2, 3, 1571
Let f(d) = 2*d**2 + 6*d + 3. Let h be f(-2). Let y(i) = 34*i**2 + 2*i + 3. Let k be y(h). Suppose k = 5*x - 100. What are the prime factors of x?
3
Suppose 8 = -5*d + 78. Let g be (-1)/(4/230) + d/28. Let i = g - -102. What are the prime factors of i?
3, 5
What are the prime factors of 26/((-390)/75) + (1 - -3601)?
3, 11, 109
Let l(j) be the third derivative of -j**6/120 - j**5/15 - j**4/12 - j**3 - 29*j**2. Let c be l(-4). Suppose 0 = -c*s - 3*s + 800. List the prime factors of s.
2, 5
Suppose 0*q + 4*q = -5*f + 17, -2*q + 5*f = -31. Suppose -x + 76 = -q. Suppose 0*h + x = h. What are the prime factors of h?
2, 3, 7
Let g(a) = a**3 + 5*a**2 - 16*a + 7. Let d be g(-7). What are the prime factors of 2019/d - 1/7?
2, 3
Let x = 4165 + -1474. Suppose 0 = 22*z - 35*z + x. What are the prime factors of z?
3, 23
Suppose 0 = -5*j - 5 - 5. Suppose -63*x = -45*x + 282 + 744. What are the prime factors of (-2 - 1/j)*874/x?
23
Suppose 16*j - 38*j = -184866. List the prime factors of j.
3, 2801
Let k = 5794 - 3142. Suppose 7*r - 4*r - k = -3*c, 5*r - 4396 = c. List the prime factors of r.
2, 5, 11
Let i(w) = 99*w**3 - w**2 + 2*w - 1. Let y = 478 + -477. List the prime factors of i(y).
3, 11
Let f(t) = -t**3 - 44*t**2 - 120*t + 128. Let c be f(-41). Suppose 1796 = n - 6*k + 2*k, n + c*k - 1814 = 0. What are the prime factors of n?
2, 11, 41
What are the prime factors of (-1)/(104/(-5029632)) + 6/39?
2, 24181
Suppose 27 = x + 33, -73964 = -2*t - 13*x. What are the prime factors of t?
37021
Let i(g) = -29*g + 2. Let a be 1 - (-3 - -15)*(-4)/(-12). What are the prime factors of i(a)?
89
Let f be 14/(-3 + -4) - -4. Suppose -f*b + 219 - 139 = 0. List the prime factors of b.
2, 5
Let g be -5 - (-2 + -25) - 5. Suppose 9*c = g*c - 24. Suppose 0 = c*a - a - 22. What are the prime factors of a?
11
Suppose 0 = 277*y - 689675 - 2703021. List the prime factors of y.
2, 1531
Suppose 1166*w = 1211*w - 530595. List the prime factors of w.
13, 907
Suppose 8*h - 44 = -12. Suppose 3*n = 2*r, -5*n = r + h*r. Suppose -4*s = r, 4*y - 66 + 2 = 3*s. List the prime factors of y.
2
Suppose 0 = -p + b + 527, 5*b - 376 = 3*p - 1947. Suppose -5*z - 4*i = -z - p, -3*z - i + 409 = 0. List the prime factors of z.
2, 3, 23
Let d be (-70)/56 + (-66)/(-8). Let r(s) = s - 3. Let k be r(d). Suppose 2*x - 51 = -z, k*z + 16 = 3*x + 275. List the prime factors of z.
61
Let y(j) = 247*j - 41. Let b be y(4). Let c = b + -638. List the prime factors of c.
3, 103
Let c(l) = l**2 + 3. Suppose -i - 4 = p - 3*p, 4*i = -3*p - 16. Suppose 5*g = 4*d - 67, d = -4*g - p*g - 41. What are the prime factors of c(g)?
2, 31
What are the prime factors of 15060/130 + (-4)/(-26)?
2, 29
Suppose 25*a + 89*a - 25*a = 9078. Let b be 23 - 1 - 1*-2. Let k = a + b. What are the prime factors of k?
2, 3, 7
Suppose 0 = -t + 2, -2*t = 4*l + 3*t + 2. Let a(d) = 2*d**2 + 7*d + 9. Let w be a(l). Suppose -24 = -w*k - 2*k. List the prime factors of k.
3
Suppose p - 3*x + 97 = 32, 4*p = -3*x - 230. Let c = p + 58. What are the prime factors of c + 3/(3/43)?
2, 3, 7
Let j = 56 + -58. List the prime factors of (-181)/j*17/((-17)/(-2)).
181
Let c(p) = 641*p + 1. Let o(a) = -640*a - 1. Let w(b) = 3*c(b) + 2*o(b). Let f be w(2). Suppose 6*g = 17*g - f. What are the prime factors of g?
3, 13
Suppose -2*t = 3*t - 1050. Let y be ((-1)/2)/(12/(-48)). Suppose 2*s + 2*b = t, -3*b - 333 = y*s - 5*s. What are the prime factors of s?
2, 3
Let p = -174 + 178. Suppose p*i = m - 95, -m - m = -3*i - 195. What are the prime factors of m?
3, 11
Let b = 5418 - 2425. What are the prime factors of b?
41, 73
Let w(f) = -f**3 + 15*f**2 - 4. Let q be w(15). Suppose -4*h + 8 = -3*h. What are the prime factors of (-22)/q*h*1?
2, 11
Let i(r) be the second derivative of r**5/20 - 11*r**4/12 + 3*r**3 - r**2/2 + r + 5. What are the prime factors of i(10)?
79
Let b be 1/(-6) - -4*143015/120. Let k = -3058 + b. List the prime factors of k.
1709
Let k(f) = f**2 + 2*f + 98. What are the prime factors of k(50)?
2, 19, 71
Suppose 13*t = 5*t + 230400. Suppose 19*v = 59*v - t. List the prime factors of v.
2, 3, 5
Let u(h) = -15. Let d(b) = 3*b + 15. Let q(i) = -2*d(i) - 3*u(i). List the prime factors of q(-2).
3
Suppose 3*r = 12, 3495 = x - 104*r + 109*r. List the prime factors of x.
5, 139
Let w = -57495 - -133173. List the prime factors of w.
2, 3, 12613
Suppose -80*v = 213623 - 547003 - 938380. List the prime factors of v.
3, 7, 757
Suppose 22*w = 3*a + 20*w - 88648, -5*a + 147756 = -2*w. List the prime factors of a.
2, 7, 2111
Suppose 118*x + 20570 = 140*x. List the prime factors of x.
5, 11, 17
Let f(t) = 16*t - 1. Let w be f(2). Let d = -28 + w. Suppose 2*y - 39 = -d. What are the prime factors of y?
2, 3
Let k be (108/(-16) - -5)/(2/(-40)). Suppose 4*r - 887 = -k. List the prime factors of r.
3, 71
List the prime factors of (-91)/26*(-9)/21 - 13234/(-4).
2, 5, 331
Let i(q) = 2*q**3 - 3*q**2 - 3*q + 9326. List the prime factors of i(0).
2, 4663
Let y = -52 - -44. Let s = 36 - y. Suppose -2*i = -s - 16. What are the prime factors of i?
2, 3, 5
Let w = -443 - -129. Let j = w + 602. What are the p